reds digit of 14863049?
0
What is the tens digit of 190936?
3
What is the hundred thousands digit of 107321?
1
What is the tens digit of 1391519?
1
What is the hundreds digit of 24852?
8
What is the ten thousands digit of 4012353?
1
What is the units digit of 1447655?
5
What is the units digit of 4164591?
1
What is the units digit of 7435143?
3
What is the millions digit of 2338944?
2
What is the units digit of 308371?
1
What is the tens digit of 101929?
2
What is the units digit of 350119?
9
What is the units digit of 85583?
3
What is the ten millions digit of 21506722?
2
What is the ten thousands digit of 17312?
1
What is the ten thousands digit of 1636540?
3
What is the hundreds digit of 173540?
5
What is the units digit of 497349?
9
What is the tens digit of 786543?
4
What is the hundred thousands digit of 625860?
6
What is the tens digit of 3442950?
5
What is the millions digit of 1361716?
1
What is the hundred thousands digit of 22004418?
0
What is the tens digit of 3606452?
5
What is the hundred thousands digit of 1746913?
7
What is the units digit of 562160?
0
What is the thousands digit of 421995?
1
What is the hundred thousands digit of 22934067?
9
What is the ten thousands digit of 1074885?
7
What is the millions digit of 2322502?
2
What is the tens digit of 12776039?
3
What is the units digit of 9931307?
7
What is the ten thousands digit of 12024098?
2
What is the tens digit of 11991351?
5
What is the thousands digit of 2120870?
0
What is the tens digit of 1223203?
0
What is the tens digit of 12320466?
6
What is the ten thousands digit of 977979?
7
What is the thousands digit of 818410?
8
What is the units digit of 227339?
9
What is the units digit of 383094?
4
What is the tens digit of 246914?
1
What is the thousands digit of 586365?
6
What is the hundred thousands digit of 347419?
3
What is the units digit of 138248?
8
What is the ten thousands digit of 1438169?
3
What is the hundred thousands digit of 435632?
4
What is the ten thousands digit of 7867832?
6
What is the thousands digit of 16038?
6
What is the hundreds digit of 163236?
2
What is the tens digit of 446827?
2
What is the ten thousands digit of 848226?
4
What is the hundreds digit of 155539?
5
What is the thousands digit of 512853?
2
What is the thousands digit of 80250?
0
What is the hundreds digit of 903376?
3
What is the hundreds digit of 470878?
8
What is the thousands digit of 719402?
9
What is the hundreds digit of 29090?
0
What is the thousands digit of 1134910?
4
What is the millions digit of 19351526?
9
What is the tens digit of 352543?
4
What is the units digit of 1319519?
9
What is the units digit of 84006?
6
What is the hundreds digit of 1630950?
9
What is the ten millions digit of 11843870?
1
What is the thousands digit of 1325140?
5
What is the hundred thousands digit of 20523746?
5
What is the ten thousands digit of 61989?
6
What is the ten thousands digit of 718868?
1
What is the units digit of 2225957?
7
What is the units digit of 504583?
3
What is the units digit of 1716666?
6
What is the hundred thousands digit of 211117?
2
What is the hundreds digit of 66220?
2
What is the hundreds digit of 5131740?
7
What is the hundreds digit of 10119451?
4
What is the ten thousands digit of 15384?
1
What is the thousands digit of 58048?
8
What is the tens digit of 487280?
8
What is the tens digit of 1257827?
2
What is the hundred thousands digit of 3476003?
4
What is the units digit of 9182?
2
What is the thousands digit of 8897238?
7
What is the hundreds digit of 10880086?
0
What is the hundred thousands digit of 12560414?
5
What is the hundreds digit of 19669504?
5
What is the units digit of 1208007?
7
What is the tens digit of 1908930?
3
What is the units digit of 13518951?
1
What is the tens digit of 870234?
3
What is the ten thousands digit of 141621?
4
What is the thousands digit of 1869433?
9
What is the millions digit of 6879419?
6
What is the millions digit of 3971529?
3
What is the millions digit of 1229218?
1
What is the millions digit of 1786791?
1
What is the tens digit of 353810?
1
What is the tens digit of 5419431?
3
What is the thousands digit of 742828?
2
What is the ten thousands digit of 635981?
3
What is the units digit of 1571713?
3
What is the ten millions digit of 22430023?
2
What is the hundreds digit of 185012?
0
What is the tens digit of 305815?
1
What is the millions digit of 2703619?
2
What is the thousands digit of 910651?
0
What is the hundred thousands digit of 6911461?
9
What is the tens digit of 521536?
3
What is the thousands digit of 79951?
9
What is the units digit of 7154?
4
What is the tens digit of 757757?
5
What is the thousands digit of 12834478?
4
What is the units digit of 2054637?
7
What is the hundred thousands digit of 34342847?
3
What is the tens digit of 69692?
9
What is the units digit of 9069052?
2
What is the tens digit of 12095518?
1
What is the hundreds digit of 367383?
3
What is the millions digit of 3924818?
3
What is the tens digit of 60418?
1
What is the units digit of 2648538?
8
What is the tens digit of 341880?
8
What is the tens digit of 8910743?
4
What is the thousands digit of 175308?
5
What is the millions digit of 1545589?
1
What is the hundreds digit of 48202?
2
What is the hundreds digit of 2717311?
3
What is the thousands digit of 37506?
7
What is the tens digit of 680898?
9
What is the ten thousands digit of 1118172?
1
What is the hundreds digit of 11436174?
1
What is the hundred thousands digit of 3654192?
6
What is the thousands digit of 1119397?
9
What is the units digit of 1687921?
1
What is the thousands digit of 1455709?
5
What is the units digit of 1667247?
7
What is the hundred thousands digit of 30467346?
4
What is the millions digit of 5441459?
5
What is the hundreds digit of 314775?
7
What is the thousands digit of 432637?
2
What is the hundreds digit of 295441?
4
What is the hundreds digit of 641349?
3
What is the hundreds digit of 3223120?
1
What is the units digit of 277107?
7
What is the hundreds digit of 2007444?
4
What is the ten thousands digit of 3395926?
9
What is the tens digit of 5778218?
1
What is the thousands digit of 11608655?
8
What is the ten thousands digit of 465384?
6
What is the units digit of 16582895?
5
What is the hundreds digit of 453536?
5
What is the units digit of 10573484?
4
What is the tens digit of 838676?
7
What is the hundred thousands digit of 492857?
4
What is the units digit of 885343?
3
What is the units digit of 405445?
5
What is the tens digit of 10322?
2
What is the millions digit of 2214686?
2
What is the hundreds digit of 4485061?
0
What is the hundreds digit of 3172479?
4
What is the tens digit of 436483?
8
What is the units digit of 260665?
5
What is the units digit of 1456413?
3
What is the millions digit of 5807961?
5
What is the ten millions digit of 11087223?
1
What is the tens digit of 4719915?
1
What is the ten thousands digit of 832673?
3
What is the hundred thousands digit of 180649?
1
What is the tens digit of 3755705?
0
What is the thousands digit of 492082?
2
What is the ten thousands digit of 17870399?
7
What is the hundred thousands digit of 630733?
6
What is the ten thousands digit of 4861204?
6
What is the thousands digit of 211374?
1
What is the tens digit of 240712?
1
What is the thousands digit of 41942?
1
What is the hundreds digit of 17740822?
8
What is the millions digit of 5684041?
5
What is the hundred thousands digit of 115675?
1
What is the thousands digit of 32087?
2
What is the ten thousands digit of 213605?
1
What is the hundreds digit of 150363?
3
What is the hundreds digit of 12152021?
0
What is the thousands digit of 3579730?
9
What is the tens digit of 6329813?
1
What is the thousands digit of 6477422?
7
What is the millions digit of 4578885?
4
What is the hundred thousands digit of 9395028?
3
What is the hundreds digit of 2426212?
2
What is the tens digit of 6461995?
9
What is the hundreds digit of 1440769?
7
What is the thousands digit of 1625126?
5
What is the tens digit of 82949?
4
What is the thousands digit of 4636286?
6
What is the ten thousands digit of 213944?
1
What is the hundred thousands digit of 1084604?
0
What is the hundreds digit of 2611481?
4
What is the units digit of 281094?
4
What is t